1
Let u(q) = q**2 + 66*q + 198. Calculate u(-3).
9
Let m(h) = 9*h**3 + 3*h**2 + 7*h + 5. Calculate m(4).
657
Let q(h) = -6*h**3 + 23*h**2 + 10*h - 43. Give q(4).
-19
Let i(p) = p**2 - 207*p - 6. Give i(0).
-6
Let x(f) = f**3 + 73*f**2 - 401*f - 853. What is x(-78)?
5
Let z(o) = 4*o**3 + 53*o**2 + 51*o - 144. What is z(-12)?
-36
Let v(a) = -749*a + 2183. Give v(3).
-64
Let s(a) = 4*a - 12. What is s(10)?
28
Let l(j) = -j**3 - 8*j**2 - 14*j + 3. Calculate l(-4).
-5
Let a(u) = 6*u**2 - 25*u + 95. Calculate a(6).
161
Let g(u) = 18*u**2 - u - 1. Give g(-1).
18
Let n(c) = -59*c + 468. Determine n(8).
-4
Let h(k) = 50*k + 1414. Calculate h(-28).
14
Let a(v) = 4*v**3 + 8*v**2 - 12*v - 11. Determine a(-4).
-91
Let i(m) = 594*m - 9505. What is i(16)?
-1
Let i(j) = -j**3 + 22*j**2 - 56*j - 3. Determine i(19).
16
Let f(n) = -n**2 - 9*n - 19. Calculate f(-2).
-5
Let v(g) = g**2 + 76*g + 367. Determine v(-5).
12
Let d(r) = 27*r - 131. Determine d(1).
-104
Let f(r) = -12*r**3 + 14*r**2 + 5*r - 6. Determine f(2).
-36
Let m(a) = -49*a**3 + 3*a**2 - 2*a - 3. Calculate m(-1).
51
Let u(c) = -103*c - 1658. Calculate u(-16).
-10
Let o(u) = -3*u**2 + 26*u - 22. Calculate o(8).
-6
Let s(p) = -65*p - 728. What is s(-12)?
52
Let r(h) = 10*h**3 + 76*h**2 + 42*h + 1. What is r(-7)?
1
Let b(l) = l**3 - 4*l**2 - 53*l + 186. What is b(8)?
18
Let a(n) = 28*n**3 - 4*n**2 + 11*n + 28. Calculate a(-2).
-234
Let d(s) = 4317*s + 181313. Give d(-42).
-1
Let h(x) = x**3 - 4*x**2 - 280*x + 114. Determine h(-15).
39
Let x(g) = g**3 - 30*g**2 + 3*g - 39. What is x(30)?
51
Let w(m) = m**3 + 25*m**2 + 98*m - 6. Calculate w(-5).
4
Let f(i) = -i**3 + 17*i**2 - 10*i - 82. What is f(16)?
14
Let q(m) = m**2 - 14*m - 484. Determine q(31).
43
Let d(k) = 6*k**2 + 334*k - 442. Determine d(-57).
14
Let c(p) = -55*p - 175. Determine c(-3).
-10
Let u(w) = -48*w - 52. Give u(9).
-484
Let w(m) = m**3 - 57*m**2 - 514*m + 4210. Calculate w(64).
-14
Let p(a) = -3*a**2 - 333*a - 664. What is p(-109)?
-10
Let z(p) = 8*p**3 + 2*p**2 + 15*p + 26. Determine z(-2).
-60
Let g(o) = 431*o + 4305. What is g(-10)?
-5
Let f(o) = -o**3 + 127*o**2 - 255*o + 639. Give f(125).
14
Let i(h) = 88*h - 478. Give i(6).
50
Let o(v) = 2*v**3 + 12*v**2 - 8*v + 18. Calculate o(4).
306
Let s(p) = -19538*p - 371221. What is s(-19)?
1
Let m(r) = r**3 + 10*r**2 + 8*r + 44. Give m(-10).
-36
Let j(u) = 169*u - 150. Give j(-3).
-657
Let g(m) = -10*m**2 + 13*m - 12. Give g(-6).
-450
Let t(b) = 19*b - 1342. What is t(80)?
178
Let i(y) = y**3 - 15*y**2 - 250*y + 10. What is i(-10)?
10
Let s(q) = -68*q**2 + 2258*q - 459. Give s(33).
3
Let l(h) = 2*h**3 + 19*h**2 - 29*h + 23. What is l(-11)?
-21
Let v(l) = 67*l**2 - 15076*l + 221. What is v(225)?
-4
Let p(r) = -r**2 - 40*r - 257. Determine p(-31).
22
Let f(m) = 13011*m - 104092. What is f(8)?
-4
Let d(m) = -10*m - 1. Calculate d(0).
-1
Let o(w) = -w**2 + 97*w - 1027. What is o(12)?
-7
Let d(s) = -42*s + 792. Determine d(19).
-6
Let t(d) = -d - 34. Calculate t(-39).
5
Let c(r) = r**3 + 29*r**2 + 3*r + 643. Calculate c(0).
643
Let n(u) = -3*u**3 - 5*u**2 - 13*u + 28. Calculate n(2).
-42
Let v(c) = 8*c**2 + 60*c + 165. Determine v(-3).
57
Let q(v) = 19*v - 1157. Give q(60).
-17
Let w(u) = 2568*u - 34. Determine w(0).
-34
Let s(g) = -20*g**2 + 594*g - 399. Determine s(29).
7
Let b(p) = 420*p + 2143. What is b(-5)?
43
Let p(v) = 1334*v + 22685. Give p(-17).
7
Let y(a) = -a**3 + 21*a**2 - 268*a + 6374. Calculate y(22).
-6
Let p(w) = -2*w**3 - 20*w**2 - 6*w - 109. Calculate p(-11).
199
Let m(v) = -v**2 - 4*v + 298. Give m(-32).
-598
Let o(t) = 9*t - 205. What is o(36)?
119
Let r(l) = -343*l + 4154. Calculate r(12).
38
Let z(u) = -103*u**2 + 23*u + 43. Calculate z(-1).
-83
Let o(h) = h**2 + 3212*h + 108048. Calculate o(-34).
-4
Let b(h) = 6*h**3 - 82*h**2 + 247*h + 72. Determine b(5).
7
Let g(n) = 14989*n - 89938. Calculate g(6).
-4
Let r(p) = 4*p**2 - 247*p - 845. Calculate r(65).
0
Let k(p) = -482*p + 480. What is k(1)?
-2
Let i(x) = -3*x**3 + 3*x**2 - 117*x - 232. Give i(-2).
38
Let n(d) = d**2 - 122*d - 3513. Give n(-24).
-9
Let c(u) = -206*u - 404. What is c(-2)?
8
Let y(z) = -z**3 - 28*z**2 - 22*z - 661. Determine y(-28).
-45
Let c(q) = -q**3 + 5*q**2 - 518*q + 3727. Calculate c(7).
3
Let f(p) = -p**3 - 15*p**2 + 27*p - 42. Determine f(-15).
-447
Let z(p) = -49*p**2 - 6*p + 9. What is z(2)?
-199
Let y(u) = -54*u + 599. Determine y(11).
5
Let s(b) = -b**3 - b**2 + 97*b + 28. Calculate s(10).
-102
Let n(p) = -p**2 - 31*p - 96. Give n(-25).
54
Let z(j) = 7*j**3 - 11*j**2 + 14*j - 3. Give z(2).
37
Let b(o) = -o**3 - 12*o**2 - 39*o - 115. Give b(-9).
-7
Let s(y) = -12*y**2 - 523*y - 93. Determine s(-43).
208
Let u(v) = v**2 + 39*v - 71. Give u(2).
11
Let j(x) = 7*x + 112. Give j(-16).
0
Let w(q) = -2*q**2 + 28*q - 84. Give w(9).
6
Let m(k) = -2*k**2 + 3*k - 40. What is m(-10)?
-270
Let k(b) = 129*b - 1264. Give k(10).
26
Let b(i) = -i**3 + 39*i**2 + 284*i - 625. What is b(45)?
5
Let x(o) = -o**2 - 18*o + 937. Give x(23).
-6
Let u(t) = -4*t - 347. Determine u(-27).
-239
Let g(j) = -9231*j - 295390. What is g(-32)?
2
Let o(g) = -12*g**2 - 31*g - 60. Give o(-6).
-306
Let h(n) = -n**3 - 7*n**2 - 77*n - 75. Calculate h(-1).
-4
Let d(i) = -12*i**3 - 144*i**2 + 6*i + 82. Calculate d(-12).
10
Let n(f) = -f**2 + 1502*f + 15122. Calculate n(-10).
2
Let q(d) = 3*d**2 - 22*d + 5. Determine q(4).
-35
Let b(c) = -2*c**2 - 126*c + 523. What is b(4)?
-13
Let w(d) = -2*d**2 + 2*d + 32. Determine w(5).
-8
Let f(m) = -53*m**2 + 5565*m + 3. Calculate f(105).
3
Let s(d) = 1056*d + 52803. What is s(-50)?
3
Let k(x) = -25*x + 16. Give k(-13).
341
Let f(l) = -l**3 + 52*l**2 - l + 14. What is f(52)?
-38
Let b(h) = 3*h**3 - 5*h**2 - 16*h - 19. What is b(-4)?
-227
Let f(t) = -5*t**2 + 62*t - 10. Give f(13).
-49
Let z(a) = a**3 + 14*a**2 + 44*a + 19. Calculate z(-11).
-102
Let s(w) = -2*w**3 + 8*w**2 + 9*w - 8. Give s(5).
-13
Let v(p) = -p**2 + 12*p + 471. Calculate v(29).
-22
Let a(l) = -3*l**2 - 2*l - 3. What is a(3)?
-36
Let h(x) = 2*x**2 - 41*x + 128. Give h(16).
-16
Let h(g) = 2*g**3 - 12*g**2 - 1664*g + 38. What is h(-26)?
38
Let c(b) = 109*b + 111. What is c(-1)?
2
Let h(r) = 15*r**2 + 136*r. Determine h(-9).
-9
Let c(b) = 58*b**2 + 1278*b + 38. Determine c(-22).
-6
Let b(a) = -102*a - 4135. What is b(-42)?
149
Let l(s) = -175*s + 1077. What is l(6)?
27
Let d(n) = 17*n**3 - 340*n**2 - 17*n + 329. Give d(20).
-11
Let r(z) = 2*z**2 - 12*z + 17. Calculate r(5).
7
Let m(v) = 7*v**2 + 2618*v - 5. Determine m(-374).
-5
Let k(c) = -2*c**2 - 49*c - 141. Determine k(-20).
39
Let b(a) = -154*a - 8787. Give b(-57).
-9
Let j(h) = 143*h - 646. Calculate j(-3).
-1075
Let f(u) = 365*u - 5463. Determine f(15).
12
Let q(c) = -7*c**3 - 7*c**2 + 13*c - 1. Calculate q(2).
-59
Let u(i) = 4*i - 1138. Give u(288).
14
Let b(f) = f**3 + 20*f**2 - 60*f - 828. Give b(-21).
-9
Let s(z) = -56*z - 38. What is s(-3)?
130
Let y(k) = 6*k**2 - 179*k + 296. Give y(2).
-38
Let r(p) = p**3 + 38*p**2 + 217*p - 26. Calculate r(-31).
-26
Let w(s) = -s**3 + 8*s**2 - 144*s + 1642. Give w(10).
2
Let p(l) = -l**3 + 6*l**2 + 23*l - 16. Calculate p(8).
40
Let i(y) = -y**3 - 157*y**2 - 252*y + 8995. Determine i(-155).
5
Let f(t) = t**3 - 86*t**2 - 546*t - 401. Determine f(92).
151
Let l(a) = -368*a + 4129. Calculate l(11).
81
Let c(g) = -g**3 + 2*g**2 + 7. Give c(7).
-238
Let q(l) = -3*l**2 + 80*l - 313. Determine q(22).
-5
Let b(d) = -6*d**2 - 170*d + 492. Calculate b(-31).
-4
Let m(g) = -2*g**3 - 57*g**2 + 30*g - 50. Determine m(-29).
-79
Let p(m) = -18*m**2 - 16*m - 26. Determine p(-2).
-66
Let a(n) = -n**2 - 102*n - 2390. Calculate a(-39).
67
Let d(q) = q**3 - 27*q**2 - 10*q - 46. Give d(27).
-316
Let v(p) = -p**2 - 78*p - 1304. Determine v(-53).
21
Let d(c) = 137*c**2 + 1919*c + 27. Determine d(-14).
13
Let f(s) = -s**2 - 15*s + 556. Calculate f(17).
12
Let s(l) = -38*l**2 - 3*l - 16. Give s(-3).
-349
Let w(j) = 2*j**3 - 85*j**2 + 44*j - 80. Determine w(42).
4
Let a(d) = 66*d - 641. Determine a(10).
19
Let m(a) = a**3 + 2*a**2 + 2*a + 195. Give m(0).
195
Let m(u) = 455*u + 4548. Determine m(-10).
-2
Let a(u) = -2*u**3 - 37*u**2 - 23*u - 81. Give a(-18).
9
Let m(f) = -f**3 - 8*f**2 - 9*f - 21. Calculate m(0).
-21
Let y(g) = g**2 - 9*g - 333. Calculate y(-